s**3 - 5*s**2 + 5*s. Let h(u) = -u - 1. Let j be h(-1). Let n = 7 + j. Is i(n) prime?
False
Is (4 + -1 - 6)*1066/(-6) a composite number?
True
Let x(n) = -13*n**2 + 6*n - 14. Let k(o) = -14*o**2 + 6*o - 15. Let d(t) = 5*k(t) - 6*x(t). Is d(-7) a composite number?
False
Suppose 5*c + 18 = 3*c. Let y = c - -4. Is (66/15)/((-1)/y) prime?
False
Let t(s) = -22*s + 34. Is t(-12) a composite number?
True
Suppose -w + 4*m = -11, 0 = -4*w + 6*w - 5*m - 13. Let j(z) = 91*z**2 - z - 1. Is j(w) prime?
False
Let d = 2 - 7. Is d/(-1)*34/5 a composite number?
True
Let b(r) be the third derivative of -3*r**2 + 0*r - 5/24*r**4 + 0 + 0*r**3. Is b(-5) a composite number?
True
Let c(k) = 5*k**2 + 10. Let i be c(8). Let x = -217 + i. Is x a composite number?
False
Let v = 3 + -5. Let l = v - -5. Is l a composite number?
False
Let x = 11 - 8. Let h(w) = 887*w**2 + w. Let p be h(x). Is (-8)/52 + p/26 a composite number?
False
Let g(n) = n**3 + 4*n**2 - 4*n + 1. Let b be g(-3). Suppose -u = -14 - 27. Let k = u - b. Is k prime?
True
Suppose -i + 4*c + 1827 = 0, 7248 = -i + 5*i - c. Is i prime?
True
Suppose u + 1 = -y + 3, -2*y = -3*u + 21. Suppose -u*o - 37 = p - 5*p, -3*o - 30 = -5*p. Suppose 13 = -p*l + 3*c + 121, -c = 2*l - 69. Is l composite?
True
Let v(u) = 5*u**3 - 4*u**3 - 3*u**3 + 6*u**2 - u + 2*u. Is v(-5) a composite number?
True
Let p = 262 - 129. Is p prime?
False
Suppose -u + 2 = 3*t - 0*t, -4*u = -5*t - 8. Suppose -q + 4 = 0, t = -3*h - 3*q - q + 265. Is h a prime number?
True
Suppose -5*o - 13 = 7, -4*o + 8 = -3*t. Let x = -14 - t. Let k(w) = w**3 + 7*w**2 - 8*w - 7. Is k(x) a composite number?
True
Let m(y) = 399*y**2 - 5*y + 3. Is m(2) prime?
False
Suppose -w = -2*w + 29. Let x = w + -16. Is x a composite number?
False
Is (-1254)/(-15) + 9/(-15) a prime number?
True
Suppose -5*x = -4*k - 4*x + 31, 0 = 2*k - 5*x - 11. Let o(d) = -11 + k*d + 1 + 1. Is o(6) composite?
True
Suppose 2*c - 2*f = 658, -3*f - 329 = -c - 0*c. Suppose -2*t = -93 - c. Is t a prime number?
True
Let k(i) = 39*i - 53. Is k(28) prime?
True
Suppose 2*a - 403 = a. Is a prime?
False
Let p(g) = g**3 - 3*g**2 - g + 4. Let d = -2 - -5. Let q be p(d). Is 126*q - 11/(-11) composite?
False
Let o(u) = -42*u. Let b be o(3). Let j be (b/(-10))/((-1)/5). Let a = j - -158. Is a a composite number?
True
Let x be (2 - -228)*(-28)/(-10). Suppose 1 = h, -h = -3*c + x + 126. Is c a prime number?
True
Let r = 131 - 78. Is r prime?
True
Suppose 3*r = 3*v - 759, v + 3*v - 3*r - 1012 = 0. Is v prime?
False
Let b(w) = 37*w**3. Suppose 3*n + 2*n - 5 = 0. Is b(n) composite?
False
Let a = 1241 - 334. Is a prime?
True
Suppose -4*w + 5*i + 22 = 0, 3*w + 0 = -2*i + 5. Suppose 2*d + 110 = 4*d + 2*s, d - 39 = w*s. Is d composite?
True
Suppose 4*a - 3*l - 8198 = 0, 2*l - 7*l = -4*a + 8194. Is a composite?
True
Let j = -26 - -475. Is j prime?
True
Suppose -7*i = -9*i + 176. Suppose -7*j = -3*j - i. Is j composite?
True
Let i = -6 + 10. Suppose -72 + 224 = u - s, i*u - s = 620. Suppose 6*t = -j + 2*t + 63, 2*j + 2*t = u. Is j a prime number?
True
Is (-12)/84 - (-68056)/14 a prime number?
True
Let m(k) = -k**3 - 3*k**2 + 3*k - 4. Let j = -1 - 6. Let a be -1 + 1 + j + 2. Is m(a) a prime number?
True
Let t(j) = j**2 - 12*j - 8. Let q be t(13). Suppose 0 = q*k - 200 - 345. Is k composite?
False
Let v be 12/30 + 5956/10. Let n = v - 307. Is n a composite number?
True
Let j = 6 + 125. Is j a composite number?
False
Is (62/(-3))/(-1 + 218/222) a composite number?
True
Let p be 1/(-5) - 231/(-5). Let k = p + -27. Is 2/(1 + (-17)/k) a composite number?
False
Is ((-16)/(-2) - 4) + 190 a composite number?
True
Suppose 2*s - c = 447, 9*s = 4*s - c + 1107. Suppose b = 3*b - s. Is b a prime number?
False
Let b = 7 - 3. Let x = b + -1. Is x/2*(-106)/(-3) composite?
False
Let f(j) = 2*j**2 - j**2 + 3 + 2*j - 4. Let c be f(-6). Let v = 14 + c. Is v a composite number?
False
Suppose a = -2*g - 2, -a - 4*a - 10 = -4*g. Let m(n) = -19*n - 1. Is m(a) composite?
False
Suppose 4*f + f - 2*v - 411 = 0, 2*v - 87 = -f. Is f prime?
True
Is 1/2 + (-1346)/(-4) prime?
True
Let y(w) = -6*w**3 - 4*w**2 + w - 5. Let v be y(-4). Suppose -q + 13 = 5*k + 182, 3*k + 727 = -4*q. Let j = q + v. Is j a prime number?
True
Let o(g) = 470*g - 19. Is o(4) prime?
True
Let t(c) = -44*c - 1. Let s(d) = d**2 - 18*d + 14. Let p be s(17). Is t(p) a composite number?
False
Suppose 2*q = -2*d + 456, -2*q = 2*q - 3*d - 877. Is q a prime number?
True
Let c(j) = 2*j**2 - j + 1. Let f(n) = -2*n + 8. Let b be f(7). Is c(b) a prime number?
True
Suppose -3*r + 5*a + 8 = 0, 12 = 3*r - 3*a - 0*a. Suppose r = b + 3. Suppose p + 178 = b*p. Is p a prime number?
True
Let p be ((-6)/(-18))/((-2)/(-12)). Let f = p - -2. Suppose b = f*v + 111, -85 + 434 = 3*b - 4*v. Is b a prime number?
False
Let b be (-391)/6 + (-2)/(-12). Let o be (-2)/8 + b/(-20). Suppose 117 = o*d - 240. Is d composite?
True
Let t(f) = f + f - 2*f + 410 - f. Let u be t(0). Suppose 5*i = -0*i + u. Is i composite?
True
Let w = 32 - 8. Is w/(-6) - 659/(-1) a composite number?
True
Let c(w) = 949*w + 6. Is c(1) composite?
True
Suppose -3*b - 124 - 233 = 0. Let f = b + 274. Is f composite?
True
Let r = -2 + 2. Let f be r + -1 + 0/(-2). Is f/(-3) - (-92)/3 prime?
True
Suppose 8 = 4*w - 2*w. Suppose -n + q - 22 = 0, q - 80 = w*n - q. Is 4/n - (-3334)/18 a composite number?
True
Suppose -5*n + 238 = -4*u + 1024, -4*n = -8. Is u a prime number?
True
Let r be 6 + -3 + (-12)/(-4). Is (-3272)/12*r/(-4) a prime number?
True
Let u(n) be the third derivative of -n**5/60 - n**4/2 - 8*n**3/3 - 2*n**2. Let k be u(-12). Is 113/3 + k/24 a composite number?
False
Suppose -3*w - 5515 = -8*w. Is w a prime number?
True
Suppose -2*a - 545 = -3739. Is a composite?
False
Let i = -30 + -119. Let s = 255 + i. Is s prime?
False
Let b(o) = 683*o + 2. Let j = 10 - 9. Is b(j) a prime number?
False
Suppose 0 = -5*a + 12 + 3. Suppose 6 = 2*s - a*l - 6, -3*l - 12 = s. Suppose -4*g + x + 148 = 0, s*x - x + 156 = 4*g. Is g composite?
True
Suppose 3*q + 2*q + 3*m = 42, 2*q - m - 8 = 0. Suppose 11*y - 125 = q*y. Is y a composite number?
True
Suppose 15*v - 20*v = -14995. Is v composite?
False
Suppose 5*t + 61 - 16 = 0. Let l be (-3)/(-12) - (-284)/16. Is (-331)/t - (-4)/l prime?
True
Let y = 32 - -13. Let n = 1 + -5. Let k = y - n. Is k prime?
False
Let o = 4 + -5. Let z be (46*3)/((-2)/o). Let w = 162 - z. Is w prime?
False
Let h = -9 + 17. Let g = 21 - h. Is g composite?
False
Is 50/13 + 12/78 + 5265 prime?
False
Suppose 3*i + 4*y = 151, 3*y - y = -3*i + 149. Let a = 6 + -2. Suppose 93 = t + 3*v - i, -488 = -a*t + 4*v. Is t a composite number?
False
Let a = 327 - 170. Is a a prime number?
True
Let h(k) = -k**3 + 2*k**2 + k - 2. Let r be h(3). Let v be (r/10)/(6/(-525)). Suppose 6*b - v = b. Is b a prime number?
False
Is (-35)/2*-4 + -1 a prime number?
False
Let z = 13 - 20. Let r = z - -294. Is r prime?
False
Let s = -10 + 13. Suppose 41 - 227 = -s*x. Is x a prime number?
False
Let i be (2*3)/((-9)/6). Let v = -3 - i. Is (7/4)/(v/28) a composite number?
True
Let b = 161 - 72. Is b a composite number?
False
Let f(p) = -9*p. Let d(w) = -w - 1. Let y(h) = -4*d(h) + f(h). Suppose -6 = v + 3. Is y(v) prime?
False
Suppose -4 = 2*h + 4*w, 2*w + 0*w + 14 = 2*h. Suppose -c = -h - 31. Is c composite?
True
Let b(g) = -393*g + 11. Is b(-2) prime?
True
Let r(p) = -p**3 + 9*p**2 - 8*p. Let t be r(8). Suppose t*y - 483 = -3*y. Is y prime?
False
Let h(w) = -w**3 + 5*w**2 + w - 2. Let f be h(5). Is -4 + f + 1 + 25 prime?
False
Suppose -4*i + 751 + 145 = 0. Suppose -5*b + 201 = -i. Is b a prime number?
False
Let n(l) = 13*l - 3. Suppose -f + 20 = 4*f. Is n(f) a prime number?
False
Let h(y) = -1 - y + 0 - 14*y. Let a be h(-5). Suppose -a - 31 = -3*k. Is k a composite number?
True
Suppose -5*u - 78 - 62 = 0. Let i(z) = z**3 - 8*z**2 + 3*z - 9. Let d be i(6). Let b = u - d. Is b composite?
True
Suppose -224 - 79 = -w. Suppose -4*o + w = o + 3*u, 2*o = -4*u + 124. Let s = -35 + o. Is s composite?
True
Let u = -1682 - -3241. Is u a composite number?
False
Suppose 7*f = -5*p + 3*f + 2605, -4*f - 1531 = -3*p. Is p a prime number?
False
Is 2/8 + 8172/16 composite?
True
Let o = 1 - 0. Suppose 2*d = -o + 7. Suppose -3*w = s - 110, -5*w - 4*s = -d*s - 180. Is w composite?
T